 20 - 19)?
5
What is -58 - ((19 - 5) + 78 + -80)?
-70
What is (-58 - -37) + 29 + 58 + 9 + -1?
74
What is 413 + -436 + (1 - 53) + 27?
-48
What is -6 + 22 + (-772 - -755)?
-1
What is the value of -1 + (-29 + 19 - -51)?
40
What is the value of (-130 - -63) + 32 + -76?
-111
What is (-3 - -1) + -1 + 2 - (6773 + -6867)?
93
Evaluate -25 + (-4 + 1 - (-6 + (7 - 12 - -15))).
-32
Evaluate -38 - -59 - 15 - (63 + 8).
-65
What is -44 + (-56 - -84) + 65?
49
Evaluate -18 + 1 + -3 + -15 + (2 - -14).
-19
Evaluate (-13 - -27) + -41 + 68.
41
8 + (-29 - (-17 + 5)) - 16 - (2 + 1)
-28
What is the value of (-41 - -1 - (6 + -9 - -7)) + (-37 - -37)?
-44
Evaluate -23 + -4 + -17 + -1 + (20 - 13).
-38
What is the value of -62 + 33 + 14 + -4 + (-3 - -14)?
-8
Calculate -16 + 454 + -457 + (-11 - 1) + 67.
36
Evaluate 41 + (15 - 21) + 12 + 7 + -13.
41
Calculate (-20 - -1) + (1 - -4) + 7.
-7
What is (2 - 0) + -7 + (67 - (65 + -21 - -123))?
-105
What is 22 + 17 + (371 - 303)?
107
Calculate 9 - (84 - (15 - 12) - (18 - 0)).
-54
What is (12 - (9 + 1)) + 83 + -60?
25
-11 - 26 - (-4 + -10 + 17 + -15)
-25
Calculate (-28 - (4 - 4)) + 142 + -119.
-5
What is -10 - (20 - (19 - (-1 + 20))) - -9?
-21
Calculate -90 - ((189 - 176) + 1 + 0) - (-4 - -1).
-101
(-3 - 0) + (5 - 1) + (222 - 230)
-7
17 - (-55 + 12 + 17 + -17)
60
Evaluate (113 - (-66 + 175) - (0 + -1)) + 25.
30
What is the value of -482 + 499 + (1 - (-4 - -34))?
-12
Evaluate 1 - (-31 - -26) - (0 + 0) - (-46 - -1).
51
-36 - ((19 - 24 - 35) + -22)
26
7604 + -7576 - ((0 - -42) + -1)
-13
What is -69 + -3 + -33 + 15 + 17 - -15?
-58
Evaluate 1 + 46 - (-236 - -119 - -109).
55
Calculate -38 - (21 + -19 + -28).
-12
Evaluate (-27 - -4) + (-13 - (-45 - -31)).
-22
Calculate -1564 + 1569 + (3 - -65).
73
-35 + 38 + -9 + -46
-52
What is (37 - (-56 + 75)) + -59?
-41
What is the value of 60 + (23 - 61) - 9?
13
What is the value of (-6 - (1 + (-5 - (-10 - -14)))) + (20 - -2)?
24
Calculate (-19 - -13) + 1 + (-3 + 5 - 9).
-12
What is the value of (-29 - (6 + -21)) + 18 - -53?
57
What is the value of -15 - (-4 + -15 - -19 - 41)?
26
What is (-50 - (-76 - 28)) + 11?
65
Calculate 31 + -8 + 6 + -2 + 36 + -41.
22
Calculate (54 - 54) + 2 + -7 + 19.
14
What is 26 + (-75 - (10 - 26))?
-33
What is the value of 880 + -809 + -82 + 4?
-7
(21 + -10 - (4 - (-9 + 7))) + -2
3
Evaluate (0 - -28) + (-2203 - -2230).
55
What is -2 + -14 + (78 - (8 - 10)) + -4?
60
What is the value of -15 + -56 + 40 + 3 + 11?
-17
What is 0 + 22 + -16 + -41?
-35
-61 + (6 - 1) + (17 - 7)
-46
Calculate (-6 - -1) + -19 - (144 - 141).
-27
Evaluate 45 - -68 - 93 - (-4 - (-43 + -2)).
-21
-174 + 79 + 68 + -27
-54
Evaluate (47 + -47 - ((2 - 2) + 10)) + -40.
-50
What is (4 + 0 - 7) + 75 - (-59 + 52)?
79
-21 + (-5 - (7 + -3)) + 25 - -27
22
What is the value of 52 + 31 + -65 + 39?
57
Calculate 14 + (-27 - 21) - -14 - 6.
-26
73 - (175 + -144 + (4 - 30))
68
Evaluate 45 + -22 + 19 + -71.
-29
What is the value of 27 + 5 + -47 + 42?
27
67 + 133 + -93 + -23
84
91 - ((12 - 5) + 2 + 12 + 4 + -13)
79
What is the value of -73 + -82 + 27 + 68?
-60
What is -144 + 45 + (4 - -4) + -12 + 15?
-88
What is (-9 - -30) + (-26 - (-16 + -5))?
16
Evaluate -79 + 146 + -75 + (0 - -2) + (0 - 53).
-59
What is 48 + (28 - -1 - (-86 + 124))?
39
What is the value of 75 - (165 + 41 + -122)?
-9
Calculate (-4 - -118) + (-11 - (-5 + (-1 - 11))).
120
(-377 - -349) + 54 + -3
23
What is -5 + -84 + (1620 - 1616)?
-85
Calculate 58 + -11 + -10 + -15 + 26.
48
What is 2 + -67 + (-20 - (-26 - (-34 + (21 - 4))))?
-76
Calculate -3 + (27 - (7 + 0 + -4)) + (22 - 27).
16
What is the value of -14 + 17 + (51 - 51 - (-3 - 9))?
15
Evaluate (-3 - 2) + -50 + 61 + -3 + -20.
-17
Calculate -59 - ((-31 - -14) + (21 - 1) + -1 + 7).
-68
What is the value of 302 + -145 + 8 - 121?
44
2 - (1 - -1) - (44 + -81)
37
Calculate 25 + (-31 - -17 - -7).
18
(-54 - -66 - -77) + -71
18
Evaluate -27 + 1 + 11 - -17.
2
Evaluate (111 + -35 - 64) + (3 - (1 - -74)).
-60
209 + -102 + -33 + -46
28
3886 + -3852 - (17 + 0 - 4)
21
What is -12 + -12 + 9 + -44 + 4 + 23?
-32
What is 0 + 12 + (-2 - ((18 - 9) + -7)) + 71?
79
Calculate 42 + (-15 - -31) - 111.
-53
Evaluate ((14 - -7) + -8 - (-87 - -108)) + 91.
83
What is 52 + -39 + (65 - 154)?
-76
-2 + -14 + -1 + 20 - 8
-5
Calculate (8 - 2) + -136 + 126 + -31.
-35
9 + -3 + 8 + (-41 - 20)
-47
Evaluate (4 + -4 - 3) + 13 + 126 + -132 - -9.
13
What is 53 + (-6 - -2 - (49 + -27) - -14)?
41
(217 - 244) + 2 + 7 - -16
-2
Evaluate 21 - (-19 + -12 + -14) - (16 - 6).
56
What is the value of -8 + 2 - -39 - (1 - (-9 + (4 - -4)))?
31
(-10 - 2) + -70 + -2 + 3 + 3 + 0
-78
Evaluate -5 + -12 + (-11 - (-15 - 4)) + -14.
-23
What is the value of -20 - -10 - (0 + -11 + (92 - 83) + -9)?
1
-4 + (-16 - (1 + -34)) - (-1 - -20)
-6
Evaluate -13 - (-29 + -2 + 25) - (-2 - (-21 - 0)).
-26
85 + (103 + -69 - 30)
89
Evaluate (15 + -20 - -11) + -6 + (-5 - -35) + 1.
31
Calculate -32 + -1 - (-101 + 109 - (-5 + 10 + 13)).
-23
Evaluate 99 + -14 + (15 - (6 + 21)).
73
What is the value of -8 - ((75 - (84 - 3)) + (-1 - (0 - 40)))?
-41
What is the value of 275 + -307 + 0 + 8 - 14?
-38
Evaluate 5 + -38 - ((5 - -3) + -4).
-37
What is the value of 34 - (-3 + -1 - (-8 - -14))?
44
Calculate -4 - (63 - 120 - (-15 - (7 + -1))).
32
Evaluate 5 + -39 - (0 - -23).
-57
Evaluate 0 + 0 + 62 + (7 - -92 - (19 - -73)).
69
21 + 8 + -25 + -4 + 9 + 38
47
(191 + -66 - 71) + -39
15
What is 0 + 32 - (7 + 2 + -550 + 537)?
36
What is the value of 130 - (7 + (118 - -83))?
-78
Evaluate -45 - (20 + 15 + -24) - (-11 - 1).
-44
(154 - (-75 - -36)) + -111
82
-15 + -6 + 0 + (-16 - (-20 - (27 + 89)))
99
-12 + 1 - (-44 - (-49 - -4) - 16)
4
Calculate (-20 - (8 - -3)) + (8 - 7 - 14).
-44
What is 825 + -814 - (3 + 1 + (0 - 15))?
22
Evaluate -64 - (0 + ((-2 - 10) + 1 - -10 - 13)).
-50
What is the value of 1580 + -1560 - (68 - 0)?
-48
-11 + (6 - -15 - 11) + 30 + 0 - -4
33
What is the value of 87 + -14 + (11 - 24) + 34?
94
Evaluate 60 - 26 - 17 - 14 - (-1 - -52).
-48
Calculate -29 + (-56 - -61) + 91.
67
Evaluate (0 + -1 - 13) + (-104 + 71 - 26) + 13.
-60
What is the value of 33 + -54 + -6 + -14 + 12?
-29
Calculate 66 + -56 - (-4 + 6 + (19 - 4)) - 98.
-105
Calculate (-4 - 8) + 18 - (-1 + -7 + -5 + 2).
17
Calculate (136 + -16 - (5 - -2)) + 8 - (-208 - -222).
107
Calculate 8 + -4 + 6 - ((2 - 10) + 13 + -26).
31
What is 2 - -3 - (0 + (1 - (-9 - 3) - -77))?
-85
Calculate 31 + -9 + (6 - 3) + (-1 - -13).
37
What is 1 + -9 + (74 - 99) + (0 - 7)?
-40
-70 + 85 + -40 - -11
-14
What is -69 - -25 - (-10 - 15)?
-19
What is -7 - (-97 - -147 - (1 + 2))?
-54
What is -44 + -14 + 56 - (-42 + 28 - (-3 + 1))?
10
What is the value of -15 + (1 - (-14 - 10)) + 49?
59
What is the value of 13 - (50 + -78 - -18)?
23
Calculate -4 - (5 + -1 + -38 - (1 + (-8 - -1))).
24
Evaluate 40 + (-5 + -3 - 46).
-14
What is the value of -19 + 21 + 20 + -29 + 9?
2
Evaluate 26 + (-83 - -49) + 31.
23
Calculate 35 + -50 + 27 + 31.
43
What is the value of -357 + 373 - (30 - 1) - (1 + 40)?
-54
Calculate (23 - (-7 + 17)) + (83 - 28).
68
Evaluate (114 + -107 - (-2 + 18)) + (60 - 7).
44
Evaluate -19 + 2 - (-116 + 117).
-18
-8 - -8 - -49 - (20 + -3)
32
126 - -7 - (1742 - 1630)
21
Evaluate -129 + 241 + -186 - (0 - (2 - -2)).
-70
Calculate -48 + -54 + 59 + (-13 - 8).
-64
What is the value of -10 + -10 + 26 + 0 + 7 + (10 - -20)?
43
(10 - 0) + (-23 - (6 + -37)) - 11
7
-75 + 154 - (-16 - -79)
16
What is -6 - (476 + -536 - (30 - 1))?
83
Calculate 30 + (23 + (-61 - -19) - 96).
-85
What is 11 - (-16 - 1 - ((0 - 11) + -9 - -10))?
18
What is the value of -29 + (-100 - (-346 + 118))?
99
Evaluate 81 + 1 + (-1235 - -1203).
50
What is (0 - 0 - 10) + 12035 + -12068?
-43
Calculate -19 - (-16 - (49 - 3)) - -18 - 19.
42
What is 18 + (3 - -2 - (-57 - -66)) + 8?
22
What is the value of 4 - (-3 + -10) - (-3 + 24 + -24)?
20
Evaluate -121 + 2 + (11 - 29) + (7 - (-1 + -4)).
-125
What is 7 - ((2 + 0 + -20 - (886 + -895)) + 0)?
16
Calculate -9 - (-16 + (-1 + 3 - (-6 + 19 - 22))).
-4
What is the value of -3 + -13 + 12 + 1 + -85 + 63?
-25
Calculate -20 - (-43 + 17 - 23 - -16).
13
What is the value of 28 + -31 - (74 + -43) - 16?
-50
Evaluate (27 - 66) + (12 - 1) - 56.
-84
What is the value of (-8 + -2 + (7 - 6) - 27) + 8 - 6?
-34
Calculate -413 + 452 - (-79 - -8).
110
Calculate 7 - (0 + -3 + 8 + -7) - 